{"version":"1.0","provider_name":"Fundaci\u00f3n Microfinanzas BBVA","provider_url":"https:\/\/www.fundacionmicrofinanzasbbva.org\/en\/","title":"Y t\u00fa... \u00bfc\u00f3mo definir\u00edas la pobreza?","type":"rich","width":600,"height":338,"html":"<blockquote class=\"wp-embedded-content\" data-secret=\"paMJrwaGtP\"><a href=\"https:\/\/www.fundacionmicrofinanzasbbva.org\/en\/y-tu-como-definirias-la-pobreza\/\">What about you? How would you define poverty?<\/a><\/blockquote><iframe sandbox=\"allow-scripts\" security=\"restricted\" src=\"https:\/\/www.fundacionmicrofinanzasbbva.org\/en\/y-tu-como-definirias-la-pobreza\/embed\/#?secret=paMJrwaGtP\" width=\"600\" height=\"338\" title=\"&#8220;What about you? How would you define poverty?&#8221; &#8212; Fundaci\u00f3n Microfinanzas BBVA\" data-secret=\"paMJrwaGtP\" frameborder=\"0\" marginwidth=\"0\" marginheight=\"0\" scrolling=\"no\" class=\"wp-embedded-content\"><\/iframe><script type=\"text\/javascript\">\n\/* <![CDATA[ *\/\n\/*! This file is auto-generated *\/\n!function(d,l){\"use strict\";l.querySelector&&d.addEventListener&&\"undefined\"!=typeof URL&&(d.wp=d.wp||{},d.wp.receiveEmbedMessage||(d.wp.receiveEmbedMessage=function(e){var t=e.data;if((t||t.secret||t.message||t.value)&&!\/[^a-zA-Z0-9]\/.test(t.secret)){for(var s,r,n,a=l.querySelectorAll('iframe[data-secret=\"'+t.secret+'\"]'),o=l.querySelectorAll('blockquote[data-secret=\"'+t.secret+'\"]'),c=new RegExp(\"^https?:$\",\"i\"),i=0;i<o.length;i++)o[i].style.display=\"none\";for(i=0;i<a.length;i++)s=a[i],e.source===s.contentWindow&&(s.removeAttribute(\"style\"),\"height\"===t.message?(1e3<(r=parseInt(t.value,10))?r=1e3:~~r<200&&(r=200),s.height=r):\"link\"===t.message&&(r=new URL(s.getAttribute(\"src\")),n=new URL(t.value),c.test(n.protocol))&&n.host===r.host&&l.activeElement===s&&(d.top.location.href=t.value))}},d.addEventListener(\"message\",d.wp.receiveEmbedMessage,!1),l.addEventListener(\"DOMContentLoaded\",function(){for(var e,t,s=l.querySelectorAll(\"iframe.wp-embedded-content\"),r=0;r<s.length;r++)(t=(e=s[r]).getAttribute(\"data-secret\"))||(t=Math.random().toString(36).substring(2,12),e.src+=\"#?secret=\"+t,e.setAttribute(\"data-secret\",t)),e.contentWindow.postMessage({message:\"ready\",secret:t},\"*\")},!1)))}(window,document);\n\/\/# sourceURL=https:\/\/www.fundacionmicrofinanzasbbva.org\/wp-includes\/js\/wp-embed.min.js\n\/* ]]> *\/\n<\/script>\n","thumbnail_url":"https:\/\/www.fundacionmicrofinanzasbbva.org\/wp-content\/uploads\/2018\/10\/pobreza-1.png","thumbnail_width":1277,"thumbnail_height":551,"description":"La pobreza no se trata solo de dinero. Para conseguir una visi\u00f3n completa del panorama de bienestar de la poblaci\u00f3n, hay que tener en cuenta que las privaciones se presentan de muchas formas, seg\u00fan se\u00f1ala Banco Mundial."}

Fundación Microfinanzas BBVA

Y tú... ¿cómo definirías la pobreza?

<blockquote class="wp-embedded-content" data-secret="paMJrwaGtP"><a href="https://www.fundacionmicrofinanzasbbva.org/en/y-tu-como-definirias-la-pobreza/">What about you? How would you define poverty?</a></blockquote><iframe sandbox="allow-scripts" security="restricted" src="https://www.fundacionmicrofinanzasbbva.org/en/y-tu-como-definirias-la-pobreza/embed/#?secret=paMJrwaGtP" width="600" height="338" title="&#8220;What about you? How would you define poverty?&#8221; &#8212; Fundación Microfinanzas BBVA" data-secret="paMJrwaGtP" frameborder="0" marginwidth="0" marginheight="0" scrolling="no" class="wp-embedded-content"></iframe><script type="text/javascript">
/* <![CDATA[ */
/*! This file is auto-generated */
!function(d,l){"use strict";l.querySelector&&d.addEventListener&&"undefined"!=typeof URL&&(d.wp=d.wp||{},d.wp.receiveEmbedMessage||(d.wp.receiveEmbedMessage=function(e){var t=e.data;if((t||t.secret||t.message||t.value)&&!/[^a-zA-Z0-9]/.test(t.secret)){for(var s,r,n,a=l.querySelectorAll('iframe[data-secret="'+t.secret+'"]'),o=l.querySelectorAll('blockquote[data-secret="'+t.secret+'"]'),c=new RegExp("^https?:$","i"),i=0;i<o.length;i++)o[i].style.display="none";for(i=0;i<a.length;i++)s=a[i],e.source===s.contentWindow&&(s.removeAttribute("style"),"height"===t.message?(1e3<(r=parseInt(t.value,10))?r=1e3:~~r<200&&(r=200),s.height=r):"link"===t.message&&(r=new URL(s.getAttribute("src")),n=new URL(t.value),c.test(n.protocol))&&n.host===r.host&&l.activeElement===s&&(d.top.location.href=t.value))}},d.addEventListener("message",d.wp.receiveEmbedMessage,!1),l.addEventListener("DOMContentLoaded",function(){for(var e,t,s=l.querySelectorAll("iframe.wp-embedded-content"),r=0;r<s.length;r++)(t=(e=s[r]).getAttribute("data-secret"))||(t=Math.random().toString(36).substring(2,12),e.src+="#?secret="+t,e.setAttribute("data-secret",t)),e.contentWindow.postMessage({message:"ready",secret:t},"*")},!1)))}(window,document);
//# sourceURL=https://www.fundacionmicrofinanzasbbva.org/wp-includes/js/wp-embed.min.js
/* ]]> */
</script>

La pobreza no se trata solo de dinero. Para conseguir una visión completa del panorama de bienestar de la población, hay que tener en cuenta que las privaciones se presentan de muchas formas, según señala Banco Mundial.
